{"id":679,"date":"2017-01-24T17:30:58","date_gmt":"2017-01-24T15:30:58","guid":{"rendered":"http:\/\/www.fahrradanhaenger-test.de\/?page_id=679"},"modified":"2017-09-19T13:09:11","modified_gmt":"2017-09-19T11:09:11","slug":"disclaimer","status":"publish","type":"page","link":"http:\/\/www.barrierefinder.de\/fahrradanhaenger-test\/disclaimer\/","title":{"rendered":"Disclaimer"},"content":{"rendered":"<p>Bitte beachten sie dass alle hier ver\u00f6ffentlichten Testberichte auf unterschiedliche Testergebnisse und realen Kundenbewertungen basieren. Ber\u00fccksichtigt wurden bei unseren Ergebnissen also nicht nur die Testergebnisse von anderen Portalen sondern vor allen die Amazon Sterne-Bewertungen und Kundenerfahrungen mit dem Produkt. Wie sich unsere Bewertungen im einzelnen Zusammensetzen finden sie auf der Seite: <a href=\"\/fahrradanhaenger-test\/bewertungskriterien\/\">BEWERTUNGKRTERIEN<\/a><\/p>\n<p>Des Weiteren weisen wir Ausdr\u00fccklich darauf hin das auch wenn wir einen Artikel als Testsieger bezeichnen das wir die Produkte nicht eigenh\u00e4ndig getestet haben. Wir bieten mit unserem Angebot lediglich eine Informationsbibliothek an, in der sich jeder Interessent die wichtigsten Daten und Informationen holen kann. Hierbei steht ausdr\u00fccklich nur der Mehrwert durch Informationsansammlung f\u00fcr den Kunden im Vordergrund.<\/p>\n","protected":false},"excerpt":{"rendered":"<p>Bitte beachten sie dass alle hier ver\u00f6ffentlichten Testberichte auf unterschiedliche Testergebnisse und realen Kundenbewertungen basieren. Ber\u00fccksichtigt wurden bei unseren Ergebnissen also nicht nur die Testergebnisse von anderen Portalen sondern vor allen die Amazon Sterne-Bewertungen und Kundenerfahrungen mit dem Produkt. Wie sich unsere Bewertungen im einzelnen Zusammensetzen finden sie auf der Seite: BEWERTUNGKRTERIEN Des Weiteren weisen [&hellip;]<\/p>\n","protected":false},"author":4,"featured_media":0,"parent":0,"menu_order":0,"comment_status":"closed","ping_status":"closed","template":"","meta":{"footnotes":""},"class_list":["post-679","page","type-page","status-publish","hentry"],"yoast_head":"<!-- This site is optimized with the Yoast SEO plugin v24.6 - https:\/\/yoast.com\/wordpress\/plugins\/seo\/ -->\n<title>Disclaimer - Fahrradanh\u00e4nger-Test.de<\/title>\n<meta name=\"robots\" content=\"noindex, follow\" \/>\n<meta property=\"og:locale\" content=\"de_DE\" \/>\n<meta property=\"og:type\" content=\"article\" \/>\n<meta property=\"og:title\" content=\"Disclaimer - Fahrradanh\u00e4nger-Test.de\" \/>\n<meta property=\"og:description\" content=\"Bitte beachten sie dass alle hier ver\u00f6ffentlichten Testberichte auf unterschiedliche Testergebnisse und realen Kundenbewertungen basieren. Ber\u00fccksichtigt wurden bei unseren Ergebnissen also nicht nur die Testergebnisse von anderen Portalen sondern vor allen die Amazon Sterne-Bewertungen und Kundenerfahrungen mit dem Produkt. Wie sich unsere Bewertungen im einzelnen Zusammensetzen finden sie auf der Seite: BEWERTUNGKRTERIEN Des Weiteren weisen [&hellip;]\" \/>\n<meta property=\"og:url\" content=\"http:\/\/www.barrierefinder.de\/fahrradanhaenger-test\/disclaimer\/\" \/>\n<meta property=\"og:site_name\" content=\"Fahrradanh\u00e4nger-Test.de\" \/>\n<meta property=\"article:modified_time\" content=\"2017-09-19T11:09:11+00:00\" \/>\n<meta name=\"twitter:card\" content=\"summary_large_image\" \/>\n<meta name=\"twitter:label1\" content=\"Gesch\u00e4tzte Lesezeit\" \/>\n\t<meta name=\"twitter:data1\" content=\"1\u00a0Minute\" \/>\n<script type=\"application\/ld+json\" class=\"yoast-schema-graph\">{\"@context\":\"https:\/\/schema.org\",\"@graph\":[{\"@type\":\"WebPage\",\"@id\":\"http:\/\/www.barrierefinder.de\/fahrradanhaenger-test\/disclaimer\/\",\"url\":\"http:\/\/www.barrierefinder.de\/fahrradanhaenger-test\/disclaimer\/\",\"name\":\"Disclaimer - Fahrradanh\u00e4nger-Test.de\",\"isPartOf\":{\"@id\":\"http:\/\/www.barrierefinder.de\/fahrradanhaenger-test\/#website\"},\"datePublished\":\"2017-01-24T15:30:58+00:00\",\"dateModified\":\"2017-09-19T11:09:11+00:00\",\"breadcrumb\":{\"@id\":\"http:\/\/www.barrierefinder.de\/fahrradanhaenger-test\/disclaimer\/#breadcrumb\"},\"inLanguage\":\"de\",\"potentialAction\":[{\"@type\":\"ReadAction\",\"target\":[\"http:\/\/www.barrierefinder.de\/fahrradanhaenger-test\/disclaimer\/\"]}]},{\"@type\":\"BreadcrumbList\",\"@id\":\"http:\/\/www.barrierefinder.de\/fahrradanhaenger-test\/disclaimer\/#breadcrumb\",\"itemListElement\":[{\"@type\":\"ListItem\",\"position\":1,\"name\":\"Home\",\"item\":\"http:\/\/www.barrierefinder.de\/fahrradanhaenger-test\/\"},{\"@type\":\"ListItem\",\"position\":2,\"name\":\"Disclaimer\"}]},{\"@type\":\"WebSite\",\"@id\":\"http:\/\/www.barrierefinder.de\/fahrradanhaenger-test\/#website\",\"url\":\"http:\/\/www.barrierefinder.de\/fahrradanhaenger-test\/\",\"name\":\"Fahrradanh\u00e4nger-Test.de\",\"description\":\"Fahrradanh\u00e4nger im Vergleich\",\"potentialAction\":[{\"@type\":\"SearchAction\",\"target\":{\"@type\":\"EntryPoint\",\"urlTemplate\":\"http:\/\/www.barrierefinder.de\/fahrradanhaenger-test\/?s={search_term_string}\"},\"query-input\":{\"@type\":\"PropertyValueSpecification\",\"valueRequired\":true,\"valueName\":\"search_term_string\"}}],\"inLanguage\":\"de\"}]}<\/script>\n<!-- \/ Yoast SEO plugin. -->","yoast_head_json":{"title":"Disclaimer - Fahrradanh\u00e4nger-Test.de","robots":{"index":"noindex","follow":"follow"},"og_locale":"de_DE","og_type":"article","og_title":"Disclaimer - Fahrradanh\u00e4nger-Test.de","og_description":"Bitte beachten sie dass alle hier ver\u00f6ffentlichten Testberichte auf unterschiedliche Testergebnisse und realen Kundenbewertungen basieren. Ber\u00fccksichtigt wurden bei unseren Ergebnissen also nicht nur die Testergebnisse von anderen Portalen sondern vor allen die Amazon Sterne-Bewertungen und Kundenerfahrungen mit dem Produkt. Wie sich unsere Bewertungen im einzelnen Zusammensetzen finden sie auf der Seite: BEWERTUNGKRTERIEN Des Weiteren weisen [&hellip;]","og_url":"http:\/\/www.barrierefinder.de\/fahrradanhaenger-test\/disclaimer\/","og_site_name":"Fahrradanh\u00e4nger-Test.de","article_modified_time":"2017-09-19T11:09:11+00:00","twitter_card":"summary_large_image","twitter_misc":{"Gesch\u00e4tzte Lesezeit":"1\u00a0Minute"},"schema":{"@context":"https:\/\/schema.org","@graph":[{"@type":"WebPage","@id":"http:\/\/www.barrierefinder.de\/fahrradanhaenger-test\/disclaimer\/","url":"http:\/\/www.barrierefinder.de\/fahrradanhaenger-test\/disclaimer\/","name":"Disclaimer - Fahrradanh\u00e4nger-Test.de","isPartOf":{"@id":"http:\/\/www.barrierefinder.de\/fahrradanhaenger-test\/#website"},"datePublished":"2017-01-24T15:30:58+00:00","dateModified":"2017-09-19T11:09:11+00:00","breadcrumb":{"@id":"http:\/\/www.barrierefinder.de\/fahrradanhaenger-test\/disclaimer\/#breadcrumb"},"inLanguage":"de","potentialAction":[{"@type":"ReadAction","target":["http:\/\/www.barrierefinder.de\/fahrradanhaenger-test\/disclaimer\/"]}]},{"@type":"BreadcrumbList","@id":"http:\/\/www.barrierefinder.de\/fahrradanhaenger-test\/disclaimer\/#breadcrumb","itemListElement":[{"@type":"ListItem","position":1,"name":"Home","item":"http:\/\/www.barrierefinder.de\/fahrradanhaenger-test\/"},{"@type":"ListItem","position":2,"name":"Disclaimer"}]},{"@type":"WebSite","@id":"http:\/\/www.barrierefinder.de\/fahrradanhaenger-test\/#website","url":"http:\/\/www.barrierefinder.de\/fahrradanhaenger-test\/","name":"Fahrradanh\u00e4nger-Test.de","description":"Fahrradanh\u00e4nger im Vergleich","potentialAction":[{"@type":"SearchAction","target":{"@type":"EntryPoint","urlTemplate":"http:\/\/www.barrierefinder.de\/fahrradanhaenger-test\/?s={search_term_string}"},"query-input":{"@type":"PropertyValueSpecification","valueRequired":true,"valueName":"search_term_string"}}],"inLanguage":"de"}]}},"_links":{"self":[{"href":"http:\/\/www.barrierefinder.de\/fahrradanhaenger-test\/wp-json\/wp\/v2\/pages\/679","targetHints":{"allow":["GET"]}}],"collection":[{"href":"http:\/\/www.barrierefinder.de\/fahrradanhaenger-test\/wp-json\/wp\/v2\/pages"}],"about":[{"href":"http:\/\/www.barrierefinder.de\/fahrradanhaenger-test\/wp-json\/wp\/v2\/types\/page"}],"author":[{"embeddable":true,"href":"http:\/\/www.barrierefinder.de\/fahrradanhaenger-test\/wp-json\/wp\/v2\/users\/4"}],"replies":[{"embeddable":true,"href":"http:\/\/www.barrierefinder.de\/fahrradanhaenger-test\/wp-json\/wp\/v2\/comments?post=679"}],"version-history":[{"count":2,"href":"http:\/\/www.barrierefinder.de\/fahrradanhaenger-test\/wp-json\/wp\/v2\/pages\/679\/revisions"}],"predecessor-version":[{"id":784,"href":"http:\/\/www.barrierefinder.de\/fahrradanhaenger-test\/wp-json\/wp\/v2\/pages\/679\/revisions\/784"}],"wp:attachment":[{"href":"http:\/\/www.barrierefinder.de\/fahrradanhaenger-test\/wp-json\/wp\/v2\/media?parent=679"}],"curies":[{"name":"wp","href":"https:\/\/api.w.org\/{rel}","templated":true}]}}